hest common divisor of 1180 and 100?
20
What is the highest common factor of 336 and 4452?
84
Calculate the greatest common factor of 130 and 1690.
130
What is the greatest common divisor of 484 and 176?
44
What is the greatest common factor of 100 and 12?
4
Calculate the highest common divisor of 17 and 493.
17
What is the greatest common divisor of 42 and 222?
6
Calculate the greatest common divisor of 756 and 462.
42
What is the greatest common divisor of 71 and 1136?
71
What is the greatest common divisor of 15097 and 31?
31
Calculate the highest common divisor of 1026 and 18.
18
Calculate the highest common divisor of 2948 and 22.
22
What is the greatest common divisor of 108 and 84?
12
What is the greatest common divisor of 4627 and 7?
7
Calculate the greatest common divisor of 140 and 84.
28
Calculate the highest common factor of 3136 and 56.
56
Calculate the greatest common divisor of 1624 and 336.
56
Calculate the greatest common divisor of 134 and 120600.
134
What is the greatest common divisor of 984 and 24?
24
What is the greatest common factor of 434 and 14?
14
Calculate the highest common factor of 41636 and 28.
28
Calculate the greatest common factor of 145 and 87.
29
What is the greatest common factor of 408 and 1887?
51
Calculate the greatest common divisor of 1089 and 45.
9
What is the highest common divisor of 100 and 50?
50
Calculate the highest common factor of 56 and 1064.
56
Calculate the greatest common divisor of 23900 and 100.
100
Calculate the highest common factor of 125 and 10.
5
Calculate the highest common divisor of 4976 and 4.
4
Calculate the highest common factor of 468 and 676.
52
Calculate the greatest common factor of 96 and 80.
16
Calculate the highest common factor of 153 and 2601.
153
Calculate the greatest common factor of 348 and 96.
12
Calculate the highest common divisor of 48 and 408.
24
What is the greatest common factor of 33450 and 50?
50
Calculate the highest common factor of 294 and 798.
42
What is the highest common factor of 132 and 748?
44
What is the highest common divisor of 36 and 1416?
12
Calculate the highest common divisor of 3211 and 247.
247
Calculate the highest common divisor of 1064 and 16.
8
Calculate the highest common divisor of 1786 and 76.
38
Calculate the highest common divisor of 803 and 11.
11
Calculate the greatest common divisor of 55 and 35.
5
Calculate the greatest common factor of 8833 and 968.
121
What is the highest common divisor of 28 and 124?
4
What is the highest common factor of 129 and 3?
3
What is the greatest common factor of 259 and 1258?
37
What is the greatest common divisor of 102 and 1632?
102
What is the greatest common divisor of 43 and 1161?
43
Calculate the greatest common factor of 3952 and 320.
16
Calculate the highest common factor of 117 and 2664.
9
Calculate the highest common divisor of 37436 and 196.
196
What is the greatest common divisor of 577 and 2?
1
What is the greatest common divisor of 216 and 816?
24
Calculate the highest common divisor of 23 and 26335.
23
What is the highest common factor of 2825 and 25?
25
What is the highest common factor of 5609 and 71?
71
What is the greatest common factor of 154 and 44?
22
Calculate the greatest common factor of 1100 and 1980.
220
What is the highest common factor of 341 and 124?
31
Calculate the greatest common divisor of 39 and 169.
13
What is the highest common divisor of 728 and 4550?
182
What is the greatest common divisor of 21558 and 12?
6
What is the greatest common factor of 55 and 8470?
55
Calculate the greatest common factor of 10 and 90.
10
What is the highest common divisor of 78 and 5889?
39
What is the highest common factor of 275 and 1815?
55
Calculate the highest common divisor of 130 and 830.
10
Calculate the highest common factor of 1121 and 57.
19
What is the greatest common factor of 943 and 41?
41
Calculate the highest common divisor of 46 and 276.
46
Calculate the greatest common factor of 24 and 324.
12
What is the greatest common divisor of 3 and 291?
3
What is the greatest common divisor of 42 and 21?
21
Calculate the highest common factor of 133 and 5985.
133
What is the highest common divisor of 2940 and 105?
105
Calculate the greatest common divisor of 378 and 14.
14
Calculate the highest common factor of 39 and 3783.
39
Calculate the highest common factor of 4089 and 174.
87
Calculate the greatest common divisor of 72 and 1920.
24
What is the highest common divisor of 37 and 259?
37
Calculate the highest common divisor of 7 and 1.
1
Calculate the highest common factor of 36 and 48.
12
Calculate the greatest common divisor of 992 and 186.
62
What is the highest common divisor of 54 and 513?
27
What is the highest common divisor of 324 and 72?
36
Calculate the greatest common factor of 36 and 2796.
12
Calculate the greatest common factor of 999 and 37.
37
Calculate the highest common divisor of 88 and 6710.
22
What is the highest common divisor of 7 and 371?
7
What is the highest common factor of 1342 and 44?
22
Calculate the highest common factor of 4950 and 25.
25
Calculate the greatest common divisor of 30 and 4.
2
What is the greatest common divisor of 956 and 14101?
239
Calculate the greatest common divisor of 229 and 4580.
229
Calculate the highest common divisor of 7 and 175.
7
Calculate the highest common factor of 10 and 80.
10
Calculate the highest common factor of 22 and 506.
22
What is the highest common divisor of 8541 and 146?
73
Calculate the greatest common divisor of 16 and 312.
8
Calculate the highest common factor of 92 and 138.
46
What is the highest common factor of 72 and 270?
18
Calculate the greatest common divisor of 3 and 3.
3
Calculate the highest common divisor of 6478 and 82.
82
What is the highest common factor of 4087 and 61?
61
What is the highest common divisor of 221 and 85?
17
Calculate the highest common factor of 434 and 182.
14
Calculate the highest common factor of 374 and 986.
34
Calculate the highest common divisor of 4619 and 1639.
149
Calculate the highest common factor of 86 and 4.
2
What is the highest common factor of 9516 and 549?
183
Calculate the greatest common divisor of 7920 and 135.
45
What is the highest common divisor of 975 and 39?
39
Calculate the highest common factor of 2755 and 95.
95
Calculate the highest common factor of 1295 and 70.
35
What is the highest common factor of 500 and 40?
20
What is the greatest common divisor of 99 and 1100?
11
What is the greatest common factor of 198 and 17721?
99
What is the highest common divisor of 38 and 1?
1
Calculate the greatest common divisor of 22 and 14.
2
Calculate the greatest common factor of 280 and 35.
35
What is the highest common divisor of 27 and 13824?
27
What is the greatest common factor of 14 and 98?
14
What is the greatest common factor of 646 and 1178?
38
Calculate the greatest common factor of 82 and 287.
41
What is the highest common divisor of 480 and 4512?
96
What is the highest common factor of 1374 and 2519?
229
Calculate the greatest common divisor of 375 and 150.
75
What is the greatest common factor of 625 and 450?
25
What is the greatest common factor of 243 and 405?
81
What is the highest common divisor of 1536 and 144?
48
What is the highest common divisor of 27 and 4383?
9
What is the highest common factor of 70 and 245?
35
Calculate the greatest common factor of 25 and 30.
5
What is the highest common divisor of 649 and 22?
11
What is the highest common factor of 2247 and 1239?
21
Calculate the greatest common divisor of 1248 and 160.
32
Calculate the highest common factor of 9 and 31.
1
Calculate the highest common factor of 114 and 4674.
114
What is the highest common factor of 180 and 396?
36
Calculate the greatest common factor of 473 and 215.
43
What is the highest common divisor of 66 and 66?
66
Calculate the greatest common divisor of 119 and 21.
7
Calculate the greatest common divisor of 824 and 152.
8
Calculate the greatest common factor of 6903 and 234.
117
What is the greatest common divisor of 66 and 1650?
66
Calculate the highest common factor of 27 and 171.
9
What is the highest common divisor of 30 and 60?
30
Calculate the highest common factor of 39 and 403.
13
What is the highest common factor of 99 and 352?
11
Wha